{"id":309,"date":"2020-01-13T11:17:52","date_gmt":"2020-01-13T11:17:52","guid":{"rendered":"https:\/\/demosites.io\/web-agency-gb\/?page_id=5"},"modified":"2024-05-13T06:17:40","modified_gmt":"2024-05-13T06:17:40","slug":"15c42-web-agency-gb-home","status":"publish","type":"page","link":"https:\/\/sunintegrator.pl\/","title":{"rendered":"Home"},"content":{"rendered":"\n<div class=\"wp-block-cover alignfull\" style=\"min-height:700px;aspect-ratio:unset;\"><span aria-hidden=\"true\" class=\"wp-block-cover__background has-background-dim-0 has-background-dim\" style=\"background-color:#775443\"><\/span><img loading=\"lazy\" decoding=\"async\" width=\"1920\" height=\"699\" class=\"wp-block-cover__image-background wp-image-367\" alt=\"\" src=\"https:\/\/sunintegrator.pl\/wp-content\/uploads\/2024\/05\/panel.jpg\" data-object-fit=\"cover\" srcset=\"https:\/\/sunintegrator.pl\/wp-content\/uploads\/2024\/05\/panel.jpg 1920w, https:\/\/sunintegrator.pl\/wp-content\/uploads\/2024\/05\/panel-300x109.jpg 300w, https:\/\/sunintegrator.pl\/wp-content\/uploads\/2024\/05\/panel-1024x373.jpg 1024w, https:\/\/sunintegrator.pl\/wp-content\/uploads\/2024\/05\/panel-768x280.jpg 768w, https:\/\/sunintegrator.pl\/wp-content\/uploads\/2024\/05\/panel-1536x559.jpg 1536w\" sizes=\"auto, (max-width: 1920px) 100vw, 1920px\" \/><div class=\"wp-block-cover__inner-container is-layout-flow wp-block-cover-is-layout-flow\">\n<div style=\"height:80px\" aria-hidden=\"true\" class=\"wp-block-spacer\"><\/div>\n\n\n\n<h1 class=\"wp-block-heading has-text-align-center has-nv-text-dark-bg-color has-text-color\">SUNintegrator &#8211; Sunspec integrator dla instalacji fotowoltaicznych<\/h1>\n\n\n\n<p class=\"has-text-align-center has-nv-text-dark-bg-color has-text-color\" style=\"font-size:19px\">SUNintegrator to urz\u0105dzenie przeznaczone do integracji i zarz\u0105dzania instalacjami fotowoltaicznymi, <\/p>\n\n\n\n<p class=\"has-text-align-center has-nv-text-dark-bg-color has-text-color\" style=\"font-size:19px\">umo\u017cliwiaj\u0105ce sterowanie oraz monitorowanie pracy falownik\u00f3w, nawet tych, kt\u00f3re nie obs\u0142uguj\u0105 protoko\u0142u SUNSPEC.<\/p>\n\n\n\n<div class=\"wp-block-buttons is-horizontal is-content-justification-center is-layout-flex wp-container-core-buttons-is-layout-499968f5 wp-block-buttons-is-layout-flex\"><\/div>\n\n\n\n<div style=\"height:80px\" aria-hidden=\"true\" class=\"wp-block-spacer\"><\/div>\n\n\n\n<div style=\"height:80px\" aria-hidden=\"true\" class=\"wp-block-spacer\"><\/div>\n<\/div><\/div>\n\n\n\n<div style=\"height:80px\" aria-hidden=\"true\" class=\"wp-block-spacer\"><\/div>\n\n\n\n<div class=\"wp-block-columns is-layout-flex wp-container-core-columns-is-layout-9d6595d7 wp-block-columns-is-layout-flex\">\n<div class=\"wp-block-column is-layout-flow wp-block-column-is-layout-flow\"><div class=\"wp-block-image icon-style is-style-rounded\">\n<figure class=\"aligncenter size-large\"><img loading=\"lazy\" decoding=\"async\" width=\"72\" height=\"72\" src=\"https:\/\/sunintegrator.pl\/wp-content\/uploads\/2020\/01\/neve-webdesign-GB-03.png\" alt=\"\" class=\"wp-image-20\" title=\"\"\/><\/figure>\n<\/div>\n\n\n<div style=\"height:20px\" aria-hidden=\"true\" class=\"wp-block-spacer\"><\/div>\n\n\n\n<h3 class=\"wp-block-heading has-text-align-center has-neve-text-color-color has-text-color\">Protok\u00f3\u0142 Sunspec<\/h3>\n\n\n\n<p class=\"has-text-align-center\">Port wej\u015bciowy RS485 (port A) umo\u017cliwia przyjmowanie polece\u0144 za pomoc\u0105 standardowego protoko\u0142u SUNSPEC, co pozwala na wsp\u00f3lne i jednoczesne sterowanie w zakresie zaprzestania generacji mocy czynnej przez mikroinstalacj\u0119<\/p>\n\n\n\n<div style=\"height:20px\" aria-hidden=\"true\" class=\"wp-block-spacer\"><\/div>\n<\/div>\n\n\n\n<div class=\"wp-block-column is-layout-flow wp-block-column-is-layout-flow\"><div class=\"wp-block-image icon-style is-style-rounded\">\n<figure class=\"aligncenter size-large\"><img loading=\"lazy\" decoding=\"async\" width=\"72\" height=\"72\" src=\"https:\/\/sunintegrator.pl\/wp-content\/uploads\/2020\/01\/neve-webdesign-GB-04.png\" alt=\"\" class=\"wp-image-21\"\/><\/figure>\n<\/div>\n\n\n<div style=\"height:20px\" aria-hidden=\"true\" class=\"wp-block-spacer\"><\/div>\n\n\n\n<h3 class=\"wp-block-heading has-text-align-center has-neve-text-color-color has-text-color\">Zarz\u0105dzanie<\/h3>\n\n\n\n<p class=\"has-text-align-center\">Integracja, zarz\u0105dzanie instalacjami fotowoltaicznymi, sterowanie oraz monitorowanie pracy falownik\u00f3w, nawet tych, kt\u00f3re nie obs\u0142uguj\u0105 protoko\u0142u SUNSPEC<\/p>\n\n\n\n<div style=\"height:20px\" aria-hidden=\"true\" class=\"wp-block-spacer\"><\/div>\n<\/div>\n\n\n\n<div class=\"wp-block-column is-layout-flow wp-block-column-is-layout-flow\"><div class=\"wp-block-image icon-style is-style-rounded\">\n<figure class=\"aligncenter size-large\"><img loading=\"lazy\" decoding=\"async\" width=\"72\" height=\"72\" src=\"https:\/\/sunintegrator.pl\/wp-content\/uploads\/2020\/01\/neve-webdesign-GB-01.png\" alt=\"\" class=\"wp-image-18\"\/><\/figure>\n<\/div>\n\n\n<div style=\"height:20px\" aria-hidden=\"true\" class=\"wp-block-spacer\"><\/div>\n\n\n\n<h3 class=\"wp-block-heading has-text-align-center has-neve-text-color-color has-text-color\">Monitoring<\/h3>\n\n\n\n<p class=\"has-text-align-center\">Monitoring pracy kompatybilnych falownik\u00f3w (kilkadziesi\u0105t typ\u00f3w), w przypadku braku kompatybilno\u015bci monitoring jest mo\u017cliwy z wykorzystaniem licznik\u00f3w energii elektrycznej.<\/p>\n\n\n\n<div style=\"height:20px\" aria-hidden=\"true\" class=\"wp-block-spacer\"><\/div>\n<\/div>\n<\/div>\n\n\n\n<div style=\"height:80px\" aria-hidden=\"true\" class=\"wp-block-spacer\"><\/div>\n\n\n\n<div class=\"wp-block-cover alignfull\" style=\"min-height:600px;aspect-ratio:unset;\"><span aria-hidden=\"true\" class=\"wp-block-cover__background has-nv-light-bg-background-color has-background-dim-100 has-background-dim\"><\/span><div class=\"wp-block-cover__inner-container is-layout-flow wp-block-cover-is-layout-flow\">\n<div class=\"wp-block-group\"><div class=\"wp-block-group__inner-container is-layout-flow wp-block-group-is-layout-flow\">\n<div style=\"height:80px\" aria-hidden=\"true\" class=\"wp-block-spacer\"><\/div>\n\n\n\n<div class=\"wp-block-columns are-vertically-aligned-center is-layout-flex wp-container-core-columns-is-layout-9d6595d7 wp-block-columns-is-layout-flex\">\n<div class=\"wp-block-column is-vertically-aligned-center is-layout-flow wp-block-column-is-layout-flow\" style=\"flex-basis:50%\">\n<figure class=\"wp-block-image size-large\"><img loading=\"lazy\" decoding=\"async\" width=\"661\" height=\"1024\" src=\"https:\/\/sunintegrator.pl\/wp-content\/uploads\/2024\/05\/SUNint_szyna-661x1024.jpg\" alt=\"\" class=\"wp-image-374\" srcset=\"https:\/\/sunintegrator.pl\/wp-content\/uploads\/2024\/05\/SUNint_szyna-661x1024.jpg 661w, https:\/\/sunintegrator.pl\/wp-content\/uploads\/2024\/05\/SUNint_szyna-194x300.jpg 194w, https:\/\/sunintegrator.pl\/wp-content\/uploads\/2024\/05\/SUNint_szyna-768x1190.jpg 768w, https:\/\/sunintegrator.pl\/wp-content\/uploads\/2024\/05\/SUNint_szyna-991x1536.jpg 991w, https:\/\/sunintegrator.pl\/wp-content\/uploads\/2024\/05\/SUNint_szyna-1321x2048.jpg 1321w, https:\/\/sunintegrator.pl\/wp-content\/uploads\/2024\/05\/SUNint_szyna-scaled.jpg 1652w\" sizes=\"auto, (max-width: 661px) 100vw, 661px\" \/><\/figure>\n<\/div>\n\n\n\n<div class=\"wp-block-column is-vertically-aligned-center is-layout-flow wp-block-column-is-layout-flow\" style=\"flex-basis:50%\">\n<div style=\"height:20px\" aria-hidden=\"true\" class=\"wp-block-spacer\"><\/div>\n\n\n\n<h2 class=\"wp-block-heading has-text-align-left has-neve-text-color-color has-text-color\">Opis produktu<\/h2>\n\n\n\n<p class=\"has-text-align-left has-neve-text-color-color has-text-color\" style=\"font-size:17px\">SUNintegrator to zaawansowane urz\u0105dzenie do integracji<br>i zarz\u0105dzania instalacjami fotowoltaicznymi, umo\u017cliwiaj\u0105ce sterowanie oraz monitorowanie pracy falownik\u00f3w, nawet tych, kt\u00f3re nie obs\u0142uguj\u0105 protoko\u0142u SUNSPEC. Dzi\u0119ki dw\u00f3m portom RS485 i trzem bezpotencja\u0142owym wyj\u015bciom przeka\u017anikowym SUNintegrator zapewnia monitoring oraz sterowanie prac\u0105 instalacji fotowoltaicznej. Port wej\u015bciowy RS485 (port A) umo\u017cliwia przyjmowanie polece\u0144 za pomoc\u0105 standardowego protoko\u0142u SUNSPEC, co pozwala na wsp\u00f3lne i jednoczesne sterowanie w zakresie zaprzestania generacji mocy czynnej przez mikroinstalacj\u0119. Sterowanie odbywa si\u0119 poprzez trzy bezpotencja\u0142owe wyj\u015bcia przeka\u017anikowe. Drugi port RS485 (B) przeznaczony jest do monitoringu pracy kompatybilnych falownik\u00f3w (kilkadziesi\u0105t typ\u00f3w), a w przypadku braku kompatybilno\u015bci monitoring jest mo\u017cliwy z wykorzystaniem licznik\u00f3w energii elektrycznej. Dodatkow\u0105 funkcjonalno\u015bci\u0105 urz\u0105dzenia SUNintegrator jest monitoring mikroinstalacji na portalu PVmonitor.pl. Standardowa obudowa na szyn\u0119 DIN pozwala na \u0142atwy monta\u017c w rozdzielnicy.<\/p>\n\n\n\n<div class=\"wp-block-buttons is-horizontal is-content-justification-left is-layout-flex wp-container-core-buttons-is-layout-7e5fce0a wp-block-buttons-is-layout-flex\"><\/div>\n<\/div>\n<\/div>\n\n\n\n<div style=\"height:40px\" aria-hidden=\"true\" class=\"wp-block-spacer\"><\/div>\n<\/div><\/div>\n<\/div><\/div>\n\n\n\n<div class=\"wp-block-cover alignfull\" style=\"min-height:600px;aspect-ratio:unset;\"><span aria-hidden=\"true\" class=\"wp-block-cover__background has-nv-site-bg-background-color has-background-dim-100 has-background-dim\"><\/span><div class=\"wp-block-cover__inner-container is-layout-flow wp-block-cover-is-layout-flow\">\n<div class=\"wp-block-group\"><div class=\"wp-block-group__inner-container is-layout-flow wp-block-group-is-layout-flow\">\n<div style=\"height:80px\" aria-hidden=\"true\" class=\"wp-block-spacer\"><\/div>\n\n\n\n<div class=\"wp-block-columns are-vertically-aligned-center is-layout-flex wp-container-core-columns-is-layout-9d6595d7 wp-block-columns-is-layout-flex\">\n<div class=\"wp-block-column is-vertically-aligned-center is-layout-flow wp-block-column-is-layout-flow\" style=\"flex-basis:50%\">\n<h2 class=\"wp-block-heading has-text-align-left has-neve-text-color-color has-text-color\">Interfejsy i komunikacja<\/h2>\n\n\n\n<p class=\"has-text-align-left has-neve-text-color-color has-text-color has-link-color wp-elements-72d430fd283f45c58706c528cd53d36a\" style=\"font-size:17px\"><strong>Komunikacja:<\/strong><\/p>\n\n\n\n<p class=\"has-neve-text-color-color has-text-color has-link-color wp-elements-6eb203b6734f2af76858a0b342a93525\" style=\"font-size:17px\">transmisja szeregowa: wbudowane dwa porty komunikacyjne RS-485,<br>transmisja bezprzewodowa: WiFi 802.11 b\/g\/n<br>obs\u0142ugiwane protoko\u0142y: SUNSPEC, Modbus-RTU, Modbus-TCP, HTTP, inne (np. FoxEss)<br>bezpo\u015bredni odczyt danych z kilkudziesi\u0119ciu typ\u00f3w falownik\u00f3w i licznik\u00f3w<\/p>\n\n\n\n<p class=\"has-neve-text-color-color has-text-color has-link-color wp-elements-c0474662ec19ab3f71fc6250db140e52\" style=\"font-size:17px\"><strong>Porty komunikacyjne:<\/strong><\/p>\n\n\n\n<p class=\"has-neve-text-color-color has-text-color has-link-color wp-elements-df9b1daf237d7f7c90c43b1cf939ec90\" style=\"font-size:17px\">1x port RS-485 (komunikacja SUNSPEC, praca w trybie Modbus-RTU slave)<br>1x port RS-485 (monitoring i odczyt danych , praca w trybie Modbus-RTU master)<\/p>\n\n\n\n<p class=\"has-neve-text-color-color has-text-color has-link-color wp-elements-9a91d9829e3a28303145e92a4d5d3b79\" style=\"font-size:17px\"><strong>Wyj\u015bcia przeka\u017anikowe:<\/strong><\/p>\n\n\n\n<p class=\"has-neve-text-color-color has-text-color has-link-color wp-elements-7a817360ccba2c99b5aa7c92e0e49600\" style=\"font-size:17px\">3 bezpotencja\u0142owe wyj\u015bcia przeka\u017anikowe przeznaczone do sterowania prac\u0105 falownik\u00f3w<\/p>\n\n\n\n<p class=\"has-neve-text-color-color has-text-color has-link-color wp-elements-898c6a486959c192b59bc29c15eb351c\" style=\"font-size:17px\"><\/p>\n\n\n\n<div style=\"height:40px\" aria-hidden=\"true\" class=\"wp-block-spacer\"><\/div>\n<\/div>\n\n\n\n<div class=\"wp-block-column is-vertically-aligned-center is-layout-flow wp-block-column-is-layout-flow\" style=\"flex-basis:50%\">\n<figure class=\"wp-block-image size-large\"><img loading=\"lazy\" decoding=\"async\" width=\"799\" height=\"1024\" src=\"https:\/\/sunintegrator.pl\/wp-content\/uploads\/2024\/05\/SUNint_szyna_bok-799x1024.jpg\" alt=\"\" class=\"wp-image-375\" srcset=\"https:\/\/sunintegrator.pl\/wp-content\/uploads\/2024\/05\/SUNint_szyna_bok-799x1024.jpg 799w, https:\/\/sunintegrator.pl\/wp-content\/uploads\/2024\/05\/SUNint_szyna_bok-234x300.jpg 234w, https:\/\/sunintegrator.pl\/wp-content\/uploads\/2024\/05\/SUNint_szyna_bok-768x984.jpg 768w, https:\/\/sunintegrator.pl\/wp-content\/uploads\/2024\/05\/SUNint_szyna_bok-1199x1536.jpg 1199w, https:\/\/sunintegrator.pl\/wp-content\/uploads\/2024\/05\/SUNint_szyna_bok-1599x2048.jpg 1599w, https:\/\/sunintegrator.pl\/wp-content\/uploads\/2024\/05\/SUNint_szyna_bok-scaled.jpg 1998w\" sizes=\"auto, (max-width: 799px) 100vw, 799px\" \/><\/figure>\n<\/div>\n<\/div>\n\n\n\n<div style=\"height:40px\" aria-hidden=\"true\" class=\"wp-block-spacer\"><\/div>\n<\/div><\/div>\n<\/div><\/div>\n\n\n\n<div class=\"wp-block-cover alignfull\" style=\"min-height:600px;aspect-ratio:unset;\"><span aria-hidden=\"true\" class=\"wp-block-cover__background has-nv-dark-bg-background-color has-background-dim-100 has-background-dim\"><\/span><div class=\"wp-block-cover__inner-container is-layout-flow wp-block-cover-is-layout-flow\">\n<div class=\"wp-block-group\"><div class=\"wp-block-group__inner-container is-layout-flow wp-block-group-is-layout-flow\">\n<div style=\"height:80px\" aria-hidden=\"true\" class=\"wp-block-spacer\"><\/div>\n\n\n\n<div class=\"wp-block-columns are-vertically-aligned-center is-layout-flex wp-container-core-columns-is-layout-9d6595d7 wp-block-columns-is-layout-flex\">\n<div class=\"wp-block-column is-vertically-aligned-center is-layout-flow wp-block-column-is-layout-flow\" style=\"flex-basis:50%\">\n<figure class=\"wp-block-image size-medium is-resized\"><img loading=\"lazy\" decoding=\"async\" width=\"194\" height=\"300\" src=\"https:\/\/sunintegrator.pl\/wp-content\/uploads\/2024\/05\/SUNint_szyna_tyl_-194x300.jpg\" alt=\"\" class=\"wp-image-376\" style=\"width:311px;height:auto\" srcset=\"https:\/\/sunintegrator.pl\/wp-content\/uploads\/2024\/05\/SUNint_szyna_tyl_-194x300.jpg 194w, https:\/\/sunintegrator.pl\/wp-content\/uploads\/2024\/05\/SUNint_szyna_tyl_-661x1024.jpg 661w, https:\/\/sunintegrator.pl\/wp-content\/uploads\/2024\/05\/SUNint_szyna_tyl_-768x1190.jpg 768w, https:\/\/sunintegrator.pl\/wp-content\/uploads\/2024\/05\/SUNint_szyna_tyl_-991x1536.jpg 991w, https:\/\/sunintegrator.pl\/wp-content\/uploads\/2024\/05\/SUNint_szyna_tyl_-1321x2048.jpg 1321w, https:\/\/sunintegrator.pl\/wp-content\/uploads\/2024\/05\/SUNint_szyna_tyl_-scaled.jpg 1652w\" sizes=\"auto, (max-width: 194px) 100vw, 194px\" \/><\/figure>\n<\/div>\n\n\n\n<div class=\"wp-block-column is-vertically-aligned-center is-layout-flow wp-block-column-is-layout-flow\" style=\"flex-basis:50%\">\n<div style=\"height:40px\" aria-hidden=\"true\" class=\"wp-block-spacer\"><\/div>\n\n\n\n<h2 class=\"wp-block-heading has-text-align-left has-nv-text-dark-bg-color has-text-color\">Pozosta\u0142e parametry <\/h2>\n\n\n\n<p class=\"has-text-align-left has-nv-text-dark-bg-color has-text-color\" style=\"font-size:17px\"><\/p>\n\n\n\n<ul class=\"wp-block-list\">\n<li><strong>Zasilanie:<\/strong><ul><li>napi\u0119cie zasilania 5V DC, 1A,<\/li><\/ul>\n<ul class=\"wp-block-list\">\n<li>pob\u00f3r mocy max 5W.<\/li>\n<\/ul>\n<\/li>\n\n\n\n<li>Obudowa\n<ul class=\"wp-block-list\">\n<li>do monta\u017cu na szynie DIN TH35, 3 modu\u0142y TE<\/li>\n\n\n\n<li>wymiary: d\u0142ugo\u015b\u0107 (wraz z wtykami) 112 mm, szeroko\u015b\u0107 52,5 mm, wysoko\u015b\u0107 65 mm<\/li>\n\n\n\n<li>materia\u0142: ABS V0<\/li>\n<\/ul>\n<\/li>\n<\/ul>\n\n\n\n<div class=\"wp-block-buttons is-horizontal is-content-justification-left is-layout-flex wp-container-core-buttons-is-layout-7e5fce0a wp-block-buttons-is-layout-flex\"><\/div>\n<\/div>\n<\/div>\n\n\n\n<div style=\"height:50px\" aria-hidden=\"true\" class=\"wp-block-spacer\"><\/div>\n<\/div><\/div>\n<\/div><\/div>\n\n\n\n<div class=\"wp-block-cover alignfull\" style=\"min-height:300px;aspect-ratio:unset;\"><span aria-hidden=\"true\" class=\"wp-block-cover__background has-nv-dark-bg-background-color has-background-dim-100 has-background-dim\"><\/span><div class=\"wp-block-cover__inner-container is-layout-flow wp-block-cover-is-layout-flow\">\n<div style=\"height:140px\" aria-hidden=\"true\" class=\"wp-block-spacer\"><\/div>\n\n\n\n<h2 class=\"wp-block-heading has-text-align-center has-nv-text-dark-bg-color has-text-color\">Zapraszamy do zapoznania si\u0119 z naszym produktem<\/h2>\n\n\n\n<div class=\"wp-block-buttons is-horizontal is-content-justification-center is-layout-flex wp-container-core-buttons-is-layout-499968f5 wp-block-buttons-is-layout-flex\"><\/div>\n\n\n\n<div style=\"height:140px\" aria-hidden=\"true\" class=\"wp-block-spacer\"><\/div>\n<\/div><\/div>\n","protected":false},"excerpt":{"rendered":"<p>Protok\u00f3\u0142 Sunspec Port wej\u015bciowy RS485 (port A) umo\u017cliwia przyjmowanie polece\u0144 za pomoc\u0105 standardowego protoko\u0142u SUNSPEC, co pozwala na wsp\u00f3lne i jednoczesne sterowanie w zakresie zaprzestania generacji mocy czynnej przez mikroinstalacj\u0119 Zarz\u0105dzanie Integracja, zarz\u0105dzanie instalacjami fotowoltaicznymi, sterowanie oraz monitorowanie pracy falownik\u00f3w, nawet tych, kt\u00f3re nie obs\u0142uguj\u0105 protoko\u0142u SUNSPEC Monitoring Monitoring pracy kompatybilnych falownik\u00f3w (kilkadziesi\u0105t typ\u00f3w), w&hellip;&nbsp;<a href=\"https:\/\/sunintegrator.pl\/\" class=\"\" rel=\"bookmark\">Dowiedz si\u0119 wi\u0119cej &raquo;<span class=\"screen-reader-text\">Home<\/span><\/a><\/p>\n","protected":false},"author":1,"featured_media":0,"parent":0,"menu_order":0,"comment_status":"closed","ping_status":"closed","template":"","meta":{"neve_meta_sidebar":"default","neve_meta_container":"default","neve_meta_enable_content_width":"on","neve_meta_content_width":100,"neve_meta_title_alignment":"","neve_meta_author_avatar":"","neve_post_elements_order":"","neve_meta_disable_header":"","neve_meta_disable_footer":"","neve_meta_disable_title":"on","_themeisle_gutenberg_block_has_review":false,"_ti_tpc_template_sync":false,"_ti_tpc_template_id":"5udqur826ojgsxrmsxsc","footnotes":""},"class_list":["post-309","page","type-page","status-publish","hentry"],"_links":{"self":[{"href":"https:\/\/sunintegrator.pl\/index.php\/wp-json\/wp\/v2\/pages\/309","targetHints":{"allow":["GET"]}}],"collection":[{"href":"https:\/\/sunintegrator.pl\/index.php\/wp-json\/wp\/v2\/pages"}],"about":[{"href":"https:\/\/sunintegrator.pl\/index.php\/wp-json\/wp\/v2\/types\/page"}],"author":[{"embeddable":true,"href":"https:\/\/sunintegrator.pl\/index.php\/wp-json\/wp\/v2\/users\/1"}],"replies":[{"embeddable":true,"href":"https:\/\/sunintegrator.pl\/index.php\/wp-json\/wp\/v2\/comments?post=309"}],"version-history":[{"count":8,"href":"https:\/\/sunintegrator.pl\/index.php\/wp-json\/wp\/v2\/pages\/309\/revisions"}],"predecessor-version":[{"id":390,"href":"https:\/\/sunintegrator.pl\/index.php\/wp-json\/wp\/v2\/pages\/309\/revisions\/390"}],"wp:attachment":[{"href":"https:\/\/sunintegrator.pl\/index.php\/wp-json\/wp\/v2\/media?parent=309"}],"curies":[{"name":"wp","href":"https:\/\/api.w.org\/{rel}","templated":true}]}}